late the remainder when 17 is divided by ((-6)/24)/((-2)/24).
2
Suppose -5*p + 27 + 68 = 0. Let i = -2 + 30. Suppose 2*d + i = 2*n - 2*d, 5*d - 20 = -3*n. Calculate the remainder when p is divided by n.
9
Let q(k) be the first derivative of -k**4/4 + 5*k**3/3 + k**2 + 3*k - 3. Calculate the remainder when q(5) is divided by 7.
6
Let g(m) = 3*m - 11. Let x(v) = -v**3 - 7*v**2 - 8*v - 9. What is the remainder when g(6) is divided by x(-6)?
1
Let s(g) be the third derivative of g**6/120 + g**5/60 + g**4/24 + 13*g**3/6 + g**2. What is the remainder when s(0) is divided by (14/6)/((-3)/(-9))?
6
Suppose -2*m - 2*w = m - 23, -4*w = 4*m - 28. What is the remainder when m is divided by 6?
3
Suppose 0 = q - 6*q, -2*o + 2*q = -16. Suppose 3*t = -26 + 71. Calculate the remainder when t is divided by o.
7
Let z(u) = -3*u - 3. Let l be z(-2). Suppose 28 = h + l*h. Calculate the remainder when (19/2)/(1/2) is divided by h.
5
Let i(q) = -q - 3. What is the remainder when 4 is divided by i(-6)?
1
Suppose 0 = 2*b - 2*f - 66, b - 2*f - 2*f = 48. Calculate the remainder when (54/2)/((-2)/(-4)) is divided by b.
26
Let j = 125 + -3. What is the remainder when j is divided by 14?
10
Suppose -9*p + 1624 = -2*p. Calculate the remainder when p is divided by 26.
24
Suppose 2*t + 3*q = 41 + 34, 3*q = -5*t + 165. Calculate the remainder when t is divided by 11.
8
Let m = -78 + 119. Calculate the remainder when 79 is divided by m.
38
Suppose -5*z = -45 - 20. Let b = 4 + -2. Let p(a) = 12*a. Calculate the remainder when p(b) is divided by z.
11
Suppose 3*v + 4*m = 160, 44 = v + 5*m - 6*m. Let c = v + 35. What is the remainder when c is divided by 21?
20
Let v = 40 + -30. What is the remainder when 57 is divided by v?
7
Suppose 0 = -b + 5 + 10. Calculate the remainder when 42 is divided by b.
12
What is the remainder when 70 is divided by 27/2*(-4)/(-3)?
16
Let f = 4 - 1. Let a(o) = -o**3 + 7*o**2 - 4. Calculate the remainder when a(f) is divided by 11.
10
Let c be (0/(-2))/(3 + -2). Suppose c = x + 4*x - 55. What is the remainder when -2 + x - (-3 + 5) is divided by 4?
3
Suppose -18*z = -9*z - 117. Calculate the remainder when 114 is divided by z.
10
Suppose 0 = -q - 3*q + 44. Let x be (2/2)/((-8)/(-16)). Suppose t - 96 = -x*t. Calculate the remainder when t is divided by q.
10
Let g be 962/(-14) - 10/35. What is the remainder when (5/(-15))/(1/g) is divided by 5?
3
Suppose -4*w + 2 = -10. Let j(g) = g**2 - g**w - 1 + 0*g**2 + 3. What is the remainder when 40 is divided by j(-2)?
12
Suppose -165 = -5*l + 5*m, 2*l + 26 = -m + 98. Calculate the remainder when l is divided by 6.
5
Suppose 5*p + 2*f - f - 95 = 0, 0 = -5*p + 4*f + 70. Calculate the remainder when 52 is divided by p.
16
Let w(u) = -u + 7. Let n be w(5). Suppose -2 = -v, f + v - 29 = -n*f. What is the remainder when 16 is divided by f?
7
Suppose 0 = -4*j + 18 + 22. Let c = 592 + -553. Calculate the remainder when c is divided by j.
9
Let h(b) = -b**2 - 5*b + 1. Let q be h(-4). Suppose -4*d + q = -191. What is the remainder when d is divided by 17?
15
Suppose w + 0 - 3 = 0. Let v(z) = -z**2 + 2. Let b be v(w). Let i(o) = -o**3 - 5*o**2 + 9*o - 7. What is the remainder when i(b) is divided by 15?
13
Suppose 0 = -5*d + 2*s + 9, -7*s + 27 = 4*d - 2*s. Suppose -41 = d*u - 4*u. Calculate the remainder when u is divided by 14.
13
Let f(j) = j**3 + j + 6. Let b = -2 + 18. Calculate the remainder when b is divided by f(0).
4
Suppose 140 = 3*b + 5*v, -3 = -b - 2*v + 42. Calculate the remainder when b is divided by 28.
27
Let l(s) = s + 27. What is the remainder when l(0) is divided by 7?
6
Let j = 29 - -23. Calculate the remainder when j is divided by 18.
16
Suppose 0 = -2*y - 4. Calculate the remainder when -1 - -12*1 - y is divided by 5.
3
Suppose 0 = -2*d + 5*u + 59, -3*d - 2*d + 60 = 5*u. What is the remainder when d is divided by 10?
7
Let h(d) = -15*d - 2. Let f be h(-2). Suppose 7*v = 3*v + f. What is the remainder when 19/4*4*1 is divided by v?
5
Let h = -36 + 54. Calculate the remainder when h is divided by 11.
7
Let x = 11 - 9. Let l = x + 17. What is the remainder when 37 is divided by l?
18
Suppose -5*h + 4*w = -33, 7 - 19 = -3*h + 5*w. Calculate the remainder when 59 is divided by h.
5
Suppose 0 = 2*g - 5*q + 6, -6 = 2*g + 4*q - 0*q. What is the remainder when 42 is divided by -3 + 1 + (-51)/g?
12
Let c(x) = 4*x - 8. Let d be c(7). What is the remainder when (-71)/(-4) - (-5)/d is divided by 7?
4
Suppose -5*o + 9*o - 488 = 0. Suppose -3*h - o = -5*h. Calculate the remainder when h is divided by 21.
19
Let k(q) = 2*q**2 - 5*q + 2. Let d be k(3). Let h(x) = x**3 - 5*x**2 + 3*x - 1. What is the remainder when 40 is divided by h(d)?
12
Suppose -s + 51 = -2*n, -2*n = -s + n + 46. Suppose -3*t + 53 = 5. Calculate the remainder when s is divided by t.
13
Calculate the remainder when 63 is divided by (16/2)/(5/10).
15
Let t be ((-12)/10)/(8/(-20)). Let p be (1/t)/(5/345). Let y = p + -5. Calculate the remainder when 35 is divided by y.
17
Suppose -3*h - 7 = -1. Let j(v) = 12*v**2 + 1. What is the remainder when j(h) is divided by 26?
23
Suppose 0 = -m + 60 - 21. What is the remainder when m is divided by 22?
17
Let c = 263 - 104. What is the remainder when c is divided by 40?
39
Let h(k) = -k**3 + 11*k**2 - 10*k + 7. Calculate the remainder when 18 is divided by h(10).
4
Suppose o + 6*o - 196 = 0. Calculate the remainder when o is divided by 8.
4
Suppose -4*q = -9*q + 60. Calculate the remainder when 34 is divided by q.
10
Let q = 73 + -54. What is the remainder when 92 is divided by q?
16
Let w(m) = m - 3. Let j be w(8). Suppose 0*c - 23 = -2*v - c, -j*c + 25 = 0. What is the remainder when v is divided by 5?
4
Let k be (-7)/(-3) - (-10)/15. Let m be 1/k - (-42)/9. Suppose 25 + 25 = m*c. What is the remainder when 28 is divided by c?
8
Suppose 7*x - d + 44 = 2*x, 4*d = 3*x + 40. Let c = x + 12. What is the remainder when 14 is divided by c?
2
Suppose a + 6 = 4. Let b = -1 - a. What is the remainder when 4/(-2*(0 + -1)) is divided by b?
0
Let w = 15 - -35. Suppose 5*k + 3*t = 0, 0*t - t = -k. Suppose k = 4*l - 3*l - 17. Calculate the remainder when w is divided by l.
16
Suppose -5*d = -764 - 246. Calculate the remainder when d is divided by 41.
38
Let w(l) = 5*l**2 + 2*l + 1. Let f be (15/4)/((-51)/(-68)). Suppose 4*o = 3*j + f, 3*o + 2*j - 35 = -2*j. Calculate the remainder when o is divided by w(-1).
1
Suppose 2*q = -4*y + 370, -5*y + 5*q = -7*y + 173. What is the remainder when y is divided by 24?
22
Let x(v) = v + 2. Let f = 7 + -4. Let r be x(f). Suppose 0 = -3*o + r*o - 18. Calculate the remainder when 34 is divided by o.
7
Let h(k) = 2*k + 5. Let n be h(5). Let m = -22 + 33. What is the remainder when (n/10)/((-3)/(-40)) is divided by m?
9
Suppose 2*n - 26 = -4*a, 2*a + 19 = n - 2*a. Calculate the remainder when 35 is divided by n.
5
Let u(t) = t**3 + 4*t**2 - 3*t + 11. Calculate the remainder when 67 is divided by u(-4).
21
Suppose -11*o + 35 = -6*o. Calculate the remainder when 27 is divided by o.
6
Let t = 7 + -13. Let o be (-332)/t + (-2)/(-3). Suppose 3*q = q + o. Calculate the remainder when q is divided by 10.
8
Suppose -c = 3*c - 116. Let p = 66 - c. What is the remainder when p is divided by 13?
11
Let i(q) = 2*q**2 + 8*q - 5. What is the remainder when i(-6) is divided by 10?
9
Suppose 9*b - b = 216. What is the remainder when b is divided by 16?
11
What is the remainder when (-660)/(-36) + 8/(-6) is divided by 6?
5
Let x = 60 - 16. Calculate the remainder when 172 is divided by x.
40
Let l(h) be the third derivative of h**5/60 - h**4/8 - h**3/2 - 7*h**2. Calculate the remainder when l(9) is divided by 13.
12
Let v = -6 + 10. Suppose -2*t = -0*t + n - 21, 3*n = v*t - 37. What is the remainder when 29 is divided by t?
9
Suppose -c + 43 - 13 = 0. Calculate the remainder when c is divided by 8.
6
Suppose 3*k - 43 = 17. Let u(f) = 4*f**2 - f. Let g be u(2). Suppose -x + 4*p + 8 = -11, g = x - 5*p. What is the remainder when x is divided by k?
19
Let q = 102 + -77. What is the remainder when q is divided by 4?
1
Let s(z) be the third derivative of z**5/30 - 3*z**4/8 + z**3/6 + 2*z**2. Calculate the remainder when s(8) is divided by 15.
12
Suppose 7*x = 2*x. Suppose 6*u = u + 60. Let l = u + x. Calculat